40 is divided by 258?
24
Calculate the remainder when 6086 is divided by 21.
17
Calculate the remainder when 31109 is divided by 170.
169
What is the remainder when 3004 is divided by 47?
43
Calculate the remainder when 94 is divided by 58.
36
Calculate the remainder when 1035 is divided by 139.
62
Calculate the remainder when 3022 is divided by 168.
166
What is the remainder when 1782 is divided by 56?
46
Calculate the remainder when 648 is divided by 93.
90
What is the remainder when 217 is divided by 70?
7
What is the remainder when 42 is divided by 42?
0
What is the remainder when 70 is divided by 20?
10
Calculate the remainder when 587 is divided by 85.
77
Calculate the remainder when 115 is divided by 14.
3
Calculate the remainder when 5755 is divided by 19.
17
Calculate the remainder when 234 is divided by 9.
0
What is the remainder when 46 is divided by 14?
4
What is the remainder when 1877 is divided by 20?
17
What is the remainder when 1515 is divided by 372?
27
What is the remainder when 243 is divided by 136?
107
What is the remainder when 1001 is divided by 149?
107
What is the remainder when 126 is divided by 16?
14
Calculate the remainder when 118 is divided by 31.
25
What is the remainder when 535 is divided by 118?
63
Calculate the remainder when 2038 is divided by 153.
49
What is the remainder when 6087 is divided by 127?
118
Calculate the remainder when 8754 is divided by 139.
136
What is the remainder when 7700 is divided by 9?
5
Calculate the remainder when 99 is divided by 52.
47
Calculate the remainder when 480 is divided by 123.
111
What is the remainder when 185 is divided by 11?
9
What is the remainder when 106 is divided by 28?
22
What is the remainder when 546 is divided by 19?
14
Calculate the remainder when 200 is divided by 45.
20
What is the remainder when 662 is divided by 194?
80
What is the remainder when 224 is divided by 60?
44
What is the remainder when 1031 is divided by 17?
11
Calculate the remainder when 348 is divided by 44.
40
What is the remainder when 86 is divided by 77?
9
What is the remainder when 534 is divided by 149?
87
What is the remainder when 53 is divided by 29?
24
What is the remainder when 292 is divided by 139?
14
What is the remainder when 214 is divided by 214?
0
What is the remainder when 3910 is divided by 12?
10
Calculate the remainder when 125 is divided by 39.
8
What is the remainder when 124 is divided by 69?
55
Calculate the remainder when 145 is divided by 73.
72
What is the remainder when 120 is divided by 12?
0
What is the remainder when 445 is divided by 90?
85
What is the remainder when 1185 is divided by 7?
2
Calculate the remainder when 190 is divided by 48.
46
Calculate the remainder when 290 is divided by 59.
54
What is the remainder when 698 is divided by 207?
77
Calculate the remainder when 642 is divided by 48.
18
What is the remainder when 193 is divided by 49?
46
Calculate the remainder when 1410 is divided by 84.
66
Calculate the remainder when 94 is divided by 10.
4
What is the remainder when 2921 is divided by 195?
191
What is the remainder when 13197 is divided by 81?
75
Calculate the remainder when 1450 is divided by 128.
42
Calculate the remainder when 541 is divided by 112.
93
What is the remainder when 2007 is divided by 616?
159
Calculate the remainder when 31 is divided by 11.
9
Calculate the remainder when 450 is divided by 135.
45
Calculate the remainder when 1826 is divided by 31.
28
Calculate the remainder when 70881 is divided by 18.
15
Calculate the remainder when 403 is divided by 99.
7
What is the remainder when 2572 is divided by 117?
115
Calculate the remainder when 2427 is divided by 54.
51
Calculate the remainder when 4142 is divided by 34.
28
What is the remainder when 63 is divided by 35?
28
What is the remainder when 1286 is divided by 85?
11
Calculate the remainder when 59 is divided by 39.
20
What is the remainder when 775 is divided by 185?
35
Calculate the remainder when 299 is divided by 106.
87
What is the remainder when 3049 is divided by 14?
11
Calculate the remainder when 296 is divided by 19.
11
What is the remainder when 255 is divided by 87?
81
Calculate the remainder when 65 is divided by 57.
8
Calculate the remainder when 417 is divided by 74.
47
What is the remainder when 1360 is divided by 163?
56
Calculate the remainder when 154 is divided by 5.
4
What is the remainder when 1949 is divided by 15?
14
Calculate the remainder when 1651 is divided by 17.
2
What is the remainder when 161 is divided by 156?
5
What is the remainder when 49942 is divided by 5?
2
Calculate the remainder when 490 is divided by 136.
82
What is the remainder when 7662 is divided by 79?
78
Calculate the remainder when 632 is divided by 132.
104
What is the remainder when 242 is divided by 37?
20
What is the remainder when 2017 is divided by 10?
7
What is the remainder when 536 is divided by 40?
16
What is the remainder when 35 is divided by 1?
0
What is the remainder when 4239 is divided by 18?
9
Calculate the remainder when 242 is divided by 51.
38
Calculate the remainder when 128 is divided by 22.
18
What is the remainder when 442 is divided by 112?
106
What is the remainder when 498 is divided by 98?
8
What is the remainder when 454 is divided by 109?
18
Calculate the remainder when 66746 is divided by 57.
56
Calculate the remainder when 272 is divided by 152.
120
Calculate the remainder when 860 is divided by 140.
20
Calculate the remainder when 10784 is divided by 31.
27
What is the remainder when 156 is divided by 56?
44
Calculate the remainder when 189 is divided by 180.
9
Calculate the remainder when 3488 is divided by 872.
0
What is the remainder when 201 is divided by 4?
1
What is the remainder when 391 is divided by 28?
27
What is the remainder when 2583 is divided by 20?
3
What is the remainder when 99 is divided by 51?
48
What is the remainder when 5577 is divided by 10?
7
What is the remainder when 636 is divided by 160?
156
Calculate the remainder when 308 is divided by 61.
3
What is the remainder when 121 is divided by 70?
51
Calculate the remainder when 174 is divided by 59.
56
What is the remainder when 879 is divided by 225?
204
Calculate the remainder when 90 is divided by 60.
30
Calculate the remainder when 642 is divided by 92.
90
Calculate the remainder when 1394 is divided by 155.
154
What is the remainder when 64 is divided by 14?
8
What is the remainder when 17 is divided by 5?
2
What is the remainder when 458 is divided by 90?
8
Calculate the remainder when 2654 is divided by 5.
4
What is the remainder when 155 is divided by 56?
43
Calculate the remainder when 13567 is divided by 64.
63
What is the remainder when 128 is divided by 74?
54
Calculate the remainder when 38 is divided by 10.
8
What is the remainder when 115 is divided by 26?
11
What is the remainder when 36 is divided by 22?
14
Calculate the remainder when 153 is divided by 28.
13
What is the remainder when 192 is divided by 6?
0
What is the remainder when 499 is divided by 246?
7
Calculate the remainder when 225 is divided by 75.
0
What is the remainder when 2533 is divided by 77?
69
What is the remainder when 1936 is divided by 13?
12
What is the remainder when 717 is divided by 30?
27
Calculate the remainder when 259 is divided by 54.
43
What is the remainder when 22 is divided by 12?
10
Calculate the remainder when 185 is divided by 19.
14
Calculate the remainder when 1541 is divided by 165.
56
Calculate the remainder when 527 is divided by 14.
9
What is the remainder when 247 is divided by 8?
7
Calculate the remainder when 928 is divided by 99.
37
Calculate the remainder when 808 is divided by 31.
2
What is the remainder when 287 is divided by 57?
2
Calculate the remainder when 65 is divided by 34.
31
Calculate the remainder when 1896 is divided by 76.
72
Calculate the remainder when 1658 is divided by 186.
170
Calculate the remainder when 193 is divided by 52.
37
Calculate the remainder when 2989 is divided by 37.
29
Calculate the remainder when 109 is divided by 67.
42
Calculate the remainder when 1468 is divided by 147.
145
What is the remainder when 702 is divided by 54?
0
What is the remainder when 15258 is divided by 16?
10
Calculate the remainder